tens digit of 227195?
9
What is the hundreds digit of 1211586?
5
What is the hundred thousands digit of 14432681?
4
What is the hundred thousands digit of 248035?
2
What is the units digit of 418711?
1
What is the millions digit of 6567800?
6
What is the hundred thousands digit of 5565066?
5
What is the hundreds digit of 7945?
9
What is the hundreds digit of 418305?
3
What is the ten thousands digit of 1450119?
5
What is the units digit of 13547558?
8
What is the hundred thousands digit of 1151779?
1
What is the thousands digit of 35301371?
1
What is the ten thousands digit of 316800?
1
What is the units digit of 1951833?
3
What is the units digit of 20592383?
3
What is the tens digit of 50745?
4
What is the hundreds digit of 2817324?
3
What is the tens digit of 2296595?
9
What is the ten thousands digit of 23136746?
3
What is the hundred thousands digit of 11717602?
7
What is the tens digit of 556140?
4
What is the hundred thousands digit of 7381970?
3
What is the units digit of 15156410?
0
What is the ten thousands digit of 177449?
7
What is the ten thousands digit of 1278123?
7
What is the tens digit of 17522?
2
What is the tens digit of 58468?
6
What is the thousands digit of 22830026?
0
What is the hundreds digit of 532935?
9
What is the hundred thousands digit of 2256969?
2
What is the hundreds digit of 45270?
2
What is the ten thousands digit of 22602099?
0
What is the hundreds digit of 230539?
5
What is the hundred thousands digit of 1478878?
4
What is the units digit of 9943?
3
What is the tens digit of 141065?
6
What is the ten thousands digit of 2233908?
3
What is the hundred thousands digit of 3149393?
1
What is the millions digit of 5186626?
5
What is the ten thousands digit of 56743?
5
What is the millions digit of 5455364?
5
What is the units digit of 96288?
8
What is the units digit of 4139423?
3
What is the units digit of 18620078?
8
What is the hundreds digit of 59495?
4
What is the thousands digit of 505388?
5
What is the units digit of 1251073?
3
What is the thousands digit of 468286?
8
What is the hundreds digit of 232904?
9
What is the hundreds digit of 14674403?
4
What is the tens digit of 5338441?
4
What is the ten thousands digit of 44508?
4
What is the ten thousands digit of 398260?
9
What is the hundred thousands digit of 2029547?
0
What is the hundred thousands digit of 181451?
1
What is the hundreds digit of 1095435?
4
What is the hundreds digit of 17312239?
2
What is the tens digit of 712250?
5
What is the hundreds digit of 807054?
0
What is the ten thousands digit of 313262?
1
What is the units digit of 202140?
0
What is the hundreds digit of 655757?
7
What is the thousands digit of 2475343?
5
What is the millions digit of 4300382?
4
What is the ten thousands digit of 1074688?
7
What is the tens digit of 24171?
7
What is the tens digit of 468772?
7
What is the tens digit of 6639277?
7
What is the tens digit of 54991?
9
What is the thousands digit of 728604?
8
What is the units digit of 901823?
3
What is the ten thousands digit of 577890?
7
What is the hundred thousands digit of 2315180?
3
What is the ten thousands digit of 3372696?
7
What is the hundred thousands digit of 18475652?
4
What is the ten thousands digit of 1029225?
2
What is the hundreds digit of 2009108?
1
What is the thousands digit of 470466?
0
What is the hundred thousands digit of 11980295?
9
What is the tens digit of 4594701?
0
What is the thousands digit of 2335504?
5
What is the tens digit of 4006819?
1
What is the ten thousands digit of 24651?
2
What is the hundreds digit of 133807?
8
What is the tens digit of 741647?
4
What is the thousands digit of 578725?
8
What is the hundreds digit of 156323?
3
What is the ten thousands digit of 339086?
3
What is the hundreds digit of 2062068?
0
What is the units digit of 31214?
4
What is the units digit of 3113650?
0
What is the units digit of 189230?
0
What is the tens digit of 674174?
7
What is the millions digit of 20009150?
0
What is the units digit of 897781?
1
What is the hundred thousands digit of 368873?
3
What is the ten millions digit of 23655410?
2
What is the units digit of 587241?
1
What is the ten millions digit of 11500508?
1
What is the hundreds digit of 62710?
7
What is the ten thousands digit of 13932998?
3
What is the hundred thousands digit of 376463?
3
What is the hundred thousands digit of 8132855?
1
What is the hundreds digit of 1204089?
0
What is the hundred thousands digit of 4881130?
8
What is the ten thousands digit of 17776617?
7
What is the hundred thousands digit of 197100?
1
What is the hundreds digit of 365?
3
What is the ten thousands digit of 5707246?
0
What is the ten thousands digit of 591762?
9
What is the thousands digit of 14044522?
4
What is the units digit of 486454?
4
What is the units digit of 807468?
8
What is the hundreds digit of 626177?
1
What is the ten thousands digit of 4094796?
9
What is the thousands digit of 14041954?
1
What is the thousands digit of 2648700?
8
What is the thousands digit of 135411?
5
What is the tens digit of 4550204?
0
What is the ten thousands digit of 1284499?
8
What is the hundreds digit of 64531?
5
What is the tens digit of 164713?
1
What is the tens digit of 45785?
8
What is the hundreds digit of 3441635?
6
What is the thousands digit of 463444?
3
What is the millions digit of 1959814?
1
What is the thousands digit of 4699606?
9
What is the hundred thousands digit of 3039185?
0
What is the hundreds digit of 706336?
3
What is the hundreds digit of 1366948?
9
What is the millions digit of 1202003?
1
What is the tens digit of 532649?
4
What is the thousands digit of 12323107?
3
What is the hundreds digit of 397304?
3
What is the hundreds digit of 1403503?
5
What is the hundreds digit of 8585335?
3
What is the tens digit of 14086756?
5
What is the millions digit of 3708824?
3
What is the thousands digit of 226391?
6
What is the hundreds digit of 22100441?
4
What is the hundred thousands digit of 113190?
1
What is the tens digit of 150425?
2
What is the units digit of 23169?
9
What is the millions digit of 5899179?
5
What is the ten millions digit of 10285404?
1
What is the tens digit of 12344685?
8
What is the tens digit of 647711?
1
What is the hundreds digit of 8246272?
2
What is the thousands digit of 218886?
8
What is the ten thousands digit of 2031168?
3
What is the units digit of 2452595?
5
What is the ten thousands digit of 6865477?
6
What is the hundreds digit of 4580070?
0
What is the thousands digit of 79683?
9
What is the tens digit of 357609?
0
What is the hundreds digit of 7960216?
2
What is the units digit of 14837050?
0
What is the thousands digit of 4055609?
5
What is the units digit of 164773?
3
What is the hundred thousands digit of 1318616?
3
What is the hundred thousands digit of 1535410?
5
What is the hundreds digit of 75621?
6
What is the millions digit of 17283566?
7
What is the units digit of 1323660?
0
What is the hundreds digit of 4755618?
6
What is the hundred thousands digit of 117913?
1
What is the thousands digit of 12989870?
9
What is the tens digit of 54072?
7
What is the tens digit of 84114?
1
What is the hundreds digit of 159940?
9
What is the units digit of 505010?
0
What is the ten thousands digit of 409633?
0
What is the units digit of 351557?
7
What is the thousands digit of 2694601?
4
What is the tens digit of 13873753?
5
What is the tens digit of 688841?
4
What is the units digit of 312274?
4
What is the hundreds digit of 139146?
1
What is the ten thousands digit of 341347?
4
What is the thousands digit of 6787565?
7
What is the tens digit of 276153?
5
What is the ten thousands digit of 232700?
3
What is the thousands digit of 294126?
4
What is the millions digit of 12520570?
2
What is the ten thousands digit of 1492345?
9
What is the hundred thousands digit of 523262?
5
What is the hundred thousands digit of 182960?
1
What is the ten thousands digit of 219771?
1
What is the tens digit of 888307?
0
What is the tens digit of 222880?
8
What is the hundreds digit of 4984891?
8
What is the hundreds digit of 2340721?
7
What is the ten thousands digit of 331028?
3
What is the hundred thousands digit of 14704470?
7
What is the ten thousands digit of 7795491?
9
What is the millions digit of 5746